n(w). What is the units digit of c(3)?
6
Let p(r) = 6*r - 3. Let m(w) = w**2 - 13*w - 11. Let l be m(14). What is the tens digit of p(l)?
1
Let z = 43 - 14. Let y = z + -8. What is the units digit of y?
1
Let a(p) = -p - 2. Let x be a(-4). Suppose -o + 51 = x*o. Suppose 4*y - 38 = -z - o, -y = 2*z - 35. What is the tens digit of z?
1
Let k = 73 + -14. What is the units digit of k?
9
Let y(d) = -d**3 - 5*d**2 - 2*d - 6. Let q be y(-5). Suppose o - q = -0. What is the units digit of o?
4
Let u(h) = h**3 + 3*h**2 - h - 2. Let s = -10 - -7. Let f be u(s). What is the units digit of 5/5 - 0/f?
1
Let l = -7 + 11. What is the units digit of 65/4 - 1/l?
6
Let d be (-1)/3 + (-64)/6. Suppose -49 = 2*z - 4*z + 5*q, z - 4*q = 23. Let v = z + d. What is the units digit of v?
6
Let x(t) = -t**3 + t**2 + 14*t - 4. What is the hundreds digit of x(-6)?
1
Let u(w) = -2*w**3 - 3*w**2 - 4*w - 2. Suppose -2*s - 7 = -3*s. Suppose 0 = 3*c - s*c - 8. What is the tens digit of u(c)?
1
Suppose 4*o = -4*q + 4, -2*o + 3 = -5*o. What is the units digit of (-14)/(-2) - q/(-2)?
8
Let y(m) be the first derivative of m**3/3 + 2*m**2 + 3*m + 2. Let u be y(-4). What is the units digit of 1*(-2 + u + 8)?
9
Let b(c) = 98*c**3 - c**2 + 3*c - 1. What is the units digit of b(1)?
9
Suppose -2*j - 5*p + 56 = 0, 8*j - 3*j - 140 = 4*p. What is the units digit of j?
8
Suppose 2*n = 4 + 6. Suppose -i - 44 = -n*i. What is the units digit of i?
1
Suppose w - 4*w + 45 = 0. Let b = w - 10. Suppose 2*x = 1 - 5, 5*m + b*x = 25. What is the units digit of m?
7
Suppose 3*o = -4*p - 3 + 40, -5*p + 27 = 2*o. What is the units digit of o?
1
Suppose -29 = 4*c - 5*x, c + 2*x = -3*c - 22. Let s(j) = j**2 + 6*j + 7. What is the units digit of s(c)?
7
Let u = 8 + -12. Let p(h) = h**2 + 2*h - 2. Let i be p(u). What is the units digit of (-9)/i - (-51)/6?
7
Let u be ((-2)/(-4))/(1/4). Let p be (3 + u)*(-12)/(-15). Let c = p + 3. What is the units digit of c?
7
Let v(r) = 3*r**2 + 24*r + 9. What is the tens digit of v(-12)?
5
Let c(a) = 14*a - 2. What is the units digit of c(2)?
6
Suppose 2*g - 5 = 3. What is the units digit of g?
4
Suppose -108 = -3*f + 3*n, 5*f - 136 = -2*n + 58. What is the tens digit of f?
3
Suppose 5*x - 18 = 7. Suppose 0 = x*y - 3*f - 132, -1 = -y + 4*f + 22. What is the tens digit of y?
2
Let l(d) = 2*d**2 - 4*d + 8. What is the units digit of l(2)?
8
Let y = -148 - -234. What is the units digit of y?
6
Suppose -2*m = -m + 1. What is the units digit of (6/(-3) + -29)/m?
1
Suppose -272 = -8*s + 56. What is the units digit of s?
1
Suppose -4*d - d + 200 = 0. What is the tens digit of d?
4
Let d(j) = -j + 8. What is the units digit of d(2)?
6
Let y(w) = -w + 16. Let r be y(12). Let c = 6 - r. Let h(p) = 2*p - 2. What is the units digit of h(c)?
2
Let c = -4 + 4. Let z = c - -5. What is the units digit of z?
5
Suppose 4*p + 95 = 251. What is the tens digit of p?
3
Suppose -s + 2 + 0 = 0. Suppose 5*q - 3 = s*q - 3*p, 2*p + 5 = 5*q. What is the units digit of q?
1
Suppose w - 10 = -3*l, 0*l - 5*l = 3*w - 22. Suppose -l*o + 16 = 2*o. Let b(n) = -n**2 + 6*n - 3. What is the units digit of b(o)?
5
Suppose -3*t + 11 + 4 = 0. Suppose 40 = t*h - h. What is the tens digit of h?
1
Let n(h) = -h**3 + 6*h**2 + h - 8. Let k be n(6). Let m be 3/6*0 - k. Suppose 0 = m*p + 3 - 17. What is the units digit of p?
7
Suppose -k + 2 + 1 = 0. Suppose -20 = -4*p, k*p - 7 = x - 2. What is the units digit of 60/8*12/x?
9
Let s(t) = -t**2 - t - 1. Let h(q) = 5*q**2 + 5*q + 6. Let f(a) = -h(a) - 6*s(a). Let j be 1*(-2)/1*-1. What is the units digit of f(j)?
6
Let k(r) = r**3 - 11*r**2 - 12*r + 18. Let z(h) = -h**2 + 9*h + 12. Let s be z(9). What is the units digit of k(s)?
8
Suppose 5*c = 2*c + 39. What is the tens digit of c?
1
Suppose -256 = -2*t + 200. What is the units digit of t?
8
Let s(n) = 2*n**2 - 7*n - 6. What is the units digit of s(-4)?
4
Suppose 10 = -5*s, -p + 0*p + 42 = 3*s. What is the units digit of p?
8
Suppose 0 = -8*f + 112 + 240. What is the units digit of f?
4
Let n(m) = -2 - 6*m - 2 + m. What is the tens digit of n(-5)?
2
Suppose -34 = -2*q - 2*q - 2*k, -4*k = -2*q - 8. Let s = q + -4. What is the units digit of s?
2
Let v = -113 - -187. What is the tens digit of v?
7
Let w be (-4 + 4)/((-2)/(-1)). Suppose -3*k + w*k = -4*s + 19, 5*k = -5*s - 20. What is the tens digit of (-1 - (22 - s))/(-1)?
2
Suppose -2*b + 8 + 6 = 0. What is the units digit of b?
7
Let k(g) = -g**2 + 10*g + 1. Let n be k(9). Let v be (-3 - -8)*6/n. Suppose 3 = v*j + 5*m, -3*j - 5*m - 3 = -j. What is the units digit of j?
6
Let c = -9 + 12. What is the units digit of (11 - -8)/(-2 + c)?
9
Suppose r + 367 = -5*k, -k + 6*k = 2*r - 376. Suppose -4*y + 156 = -0*y. What is the units digit of 6/y + k/(-26)?
3
Suppose -2*b = -2*r - 3*b + 14, -b - 18 = -2*r. Let o = 32 - r. What is the units digit of o?
4
Let n = 10 - 8. What is the units digit of n?
2
Let z(s) = 2*s - 5. Let x be z(4). Let k = x + 1. What is the units digit of k?
4
Let m(y) = 5*y**2 - 2*y - 1. Suppose 3*b - 5*i + 0*i = 12, -1 = 4*b - i. What is the units digit of m(b)?
6
Let y(j) = 12*j**2 - 2*j - 1. Let w(n) = 24*n**2 - 4*n - 2. Let u(b) = 6*w(b) - 11*y(b). Let i be (-2 + 1)/(0 + 1). What is the units digit of u(i)?
3
Let y = -4 + 7. Suppose -5*z - y = 57. What is the tens digit of ((-16)/z)/(2/21)?
1
Suppose 13 = 3*r - 14. Suppose -3*y = y + c - 3, 4*y - 5*c - r = 0. What is the units digit of (2 - (-1 + -2))*y?
5
Let q be (1 - (5 + 2)) + 2. What is the units digit of (q/(-5))/(6/15)?
2
Let j = -19 + 3. Let i be j/(-12) + (-4)/(-6). Suppose 0 = 2*a + 3*c + i - 15, 3*c = -5*a + 19. What is the units digit of a?
2
Let h = -8 + 4. Let d = h - -7. Suppose -d*s = -8*s - m + 21, -4*s = 3*m - 8. What is the units digit of s?
5
Let q = 30 + -20. Suppose -v + 11 = -z - 3*z, 0 = 4*v + z - q. Suppose x - 73 = -4*w, -x - 54 = -v*w - 8. What is the units digit of w?
7
Suppose 3*s - 4*s + 126 = 0. What is the tens digit of s?
2
Let d be (-5 - 6/(-3)) + 1. What is the units digit of (d - 0)/(5/(-15))?
6
Suppose 5*u - 45 = -5*a, -5*a + 46 = -u - 29. Suppose 3*z - a = -2. Suppose -z*j + 16 + 12 = 0. What is the units digit of j?
7
What is the units digit of 66/8 - 1/4?
8
Let g be 3 + (-7)/(3 - 2). Let y = 3 - g. What is the units digit of y?
7
Suppose -2*d = -4*n + 202, -214 = -4*n + 2*d - 4*d. What is the units digit of n?
2
Let t be (-2)/(-2 + (0 - -1)). Suppose 2*r + 16 = 3*r + t*b, 46 = 4*r - b. What is the tens digit of r?
1
Let u = 0 + -3. Let k be (-2)/u*(-3)/(-2). Let y(b) = 11*b**3 - b. What is the tens digit of y(k)?
1
Let b(l) = 1 + 2*l + 8 - l. Let o be 2/9 + 2/(-9). What is the units digit of b(o)?
9
Let g(x) be the second derivative of -x**7/840 - x**6/60 + x**4/8 - x**3/3 - x. Let z(a) be the second derivative of g(a). What is the units digit of z(-6)?
3
Suppose -y + 0*y = -54. What is the units digit of y?
4
Suppose 42 = -2*x + 6. Let j = -8 - x. What is the tens digit of j?
1
What is the units digit of ((-1)/(-2))/((-2)/(-92))?
3
Suppose 7*g + 91 = 14*g. What is the units digit of g?
3
Let c be 0 + (-2)/(-4)*22. Suppose 3*h + 2*x = -9, -4*x - c = 5*h + 6. What is the units digit of 4/((-3)/(-2) + h)?
8
Let f(a) = 31*a**2 + 2*a + 1. Let l be f(-1). What is the units digit of (-12)/l - 32/(-5)?
6
Suppose 0 = 3*u + 3 + 6. What is the units digit of u/6 - 49/(-2)?
4
Let g = -6 - -37. Let v = g + -20. What is the units digit of v?
1
Suppose -4*l + 5 = -31. Let o be l/12*(-5 - -1). Let k = 1 - o. What is the units digit of k?
4
Suppose -4*v - 48 = -5*z - 15, 5*v = z - 15. Let n be 1/v*6*-1. Suppose 0 = -n*p + k + 25, 3*p - 2*k - 5 = -6*k. What is the units digit of p?
7
Suppose -38 = -3*c + 5*u, -4*c + 0*u + 28 = -u. Suppose 15 = c*w - w. Suppose -w*t + t + 10 = 0. What is the units digit of t?
5
Let y = 2 + 3. Suppose -w = -y*w + 5*f, -2*f = 3*w. Suppose -3*l = -4*g - 8, -5*l = g - w*l - 21. What is the units digit of g?
1
Let g(r) be the first derivative of -r**4/2 - 7*r**3/3 - 5*r**2/2 + r + 3. What is the tens digit of g(-4)?
3
What is the units digit of (-80)/(-2) + 60/20?
3
Let m(g) = 24*g**2 + 3*g + 4. Let u(a) = -23*a**2 - 2*a - 3. Let b(x) = -2*m(x) - 3*u(x). What is the units digit of b(-1)?
2
What is the units digit of 258 + ((-75)/(-27) - 2/(-9))?
1
